{"id":1181,"date":"2024-10-02T09:05:58","date_gmt":"2024-10-02T09:05:58","guid":{"rendered":"https:\/\/tinas-bunte-tierwelt.de\/?page_id=1181"},"modified":"2026-04-13T06:55:44","modified_gmt":"2026-04-13T06:55:44","slug":"wichtige-informationen-fuer-die-figuren","status":"publish","type":"page","link":"https:\/\/tinas-bunte-tierwelt.de\/?page_id=1181","title":{"rendered":"S) Wichtige Informationen f\u00fcr die Figuren"},"content":{"rendered":"\n<p class=\"wp-block-paragraph\">Da ich Ihnen nicht mehr pers\u00f6nlich auf M\u00e4rkten Informationen zu den Figuren geben kann, finden Sie diese hier.<\/p>\n\n\n\n<p class=\"wp-block-paragraph\"><strong><mark style=\"background-color:rgba(0, 0, 0, 0);color:#cf2e2e\" class=\"has-inline-color\">WICHTIG: Die Figuren sind nicht f\u00fcr kleine Kinder geeignet, welche noch Gegenst\u00e4nde in den Mund nehmen. Da die meisten Perlen aus Glas sind, w\u00fcrden sie beim Draufbei\u00dfen zerbrechen. Somit h\u00e4tte Ihr Kind dann Glassplitter im Mund, welche beim Verschlucken im schlimmsten Fall zu inneren Verletzungen f\u00fchren kann!<\/mark><\/strong><\/p>\n\n\n\n<p class=\"wp-block-paragraph\"><strong>Eine Garantie meinerseits auf die Figuren ist ausgeschlossen.<\/strong><\/p>\n\n\n\n<p class=\"wp-block-paragraph\">Bitte die Figuren nicht fest dr\u00fccken, da diese innen hohl sind. Daher werden sie, wenn sie fest gedr\u00fcckt werden oder etwas Schweres auf sie gelegt wird, sofort flach und es k\u00f6nnten auch Glasperlen zerbrechen. Leichtere Druckstellen k\u00f6nnen vorsichtig wieder gebogen werden, indem man mit einem kleinen Schraubenzieher oder \u00c4hnliches unter die Perlenreihe geht und leichten Druck in die entsprechende Richtung aus\u00fcbt.<\/p>\n\n\n\n<p class=\"wp-block-paragraph\">Die Figuren werden mit Messingraht gefertigt und durch entsprechendes Biegen erhalten diese die Form. Beine, Ohren, etc. k\u00f6nnen daher verbogen werden. Jedoch sollte das Biegen nie mit Gewalt erfolgen, da dadurch die Glasperlen brechen k\u00f6nnen und diese nicht wieder neu in eine Figur eingesetzt werden k\u00f6nnen.<\/p>\n\n\n\n<p class=\"wp-block-paragraph\">Die gezwirbelten Drahtenden d\u00fcrfen nicht abgeschnitten werden, da ansonsten die Perlen abgehen w\u00fcrden.<\/p>\n\n\n\n<p class=\"wp-block-paragraph\">Die Perlen mit den Farben pink oder rosa bleichen in der Sonne aus.<\/p>\n\n\n\n<p class=\"wp-block-paragraph\">Bei einer neuen Perlenbestellung erhalte ich meist Glasperlen, welche leichte Farbabweichung zu den vorigen Perlen aufweisen. Daher kann es sein, dass zwei Figuren nicht den gleichen Farbton aufweisen. Ich verwende tschechische Perlen (Preciosa).<\/p>\n\n\n\n<p class=\"wp-block-paragraph\"><strong>\u00a9 2026 | Tina Hofmann | N\u00fcrnberg<\/strong><\/p>\n","protected":false},"excerpt":{"rendered":"<p>Da ich Ihnen nicht mehr pers\u00f6nlich auf M\u00e4rkten Informationen zu den Figuren geben kann, finden Sie diese hier. WICHTIG: Die Figuren sind nicht f\u00fcr kleine Kinder geeignet, welche noch Gegenst\u00e4nde in den Mund nehmen. Da die meisten Perlen aus Glas sind, w\u00fcrden sie beim Draufbei\u00dfen zerbrechen. Somit h\u00e4tte Ihr Kind dann Glassplitter im Mund, welche [&hellip;]<\/p>\n","protected":false},"author":1,"featured_media":0,"parent":0,"menu_order":0,"comment_status":"closed","ping_status":"closed","template":"","meta":{"_crdt_document":"{\"document\":\"AAAGxYOhnxB6eAiUAYoGsAmcMgKKAgQCAQIKAkJKAK4DAQIKAhCwCcIKSgCgCgECCgJCSgCuAgECCgJCSgCQDQECCgJCSgC6CQECCgJCSgCeAwECCgJCSgCYAgECCgJCSgC+BwECCgIaAl5KyjIasAmCKCZougQBAQgASNJ5sAmcMgyQSrAJqCjAdbAJnDKfASgDJwAEACcABACEAYEAhAAnACgEJwAoACcABwAoAycBBAAoACcAhwAoAycBBACEASgAJwCHACgDJwEEACgAJwCHACgDJwEEACgAJwCHACgDJwEEACgAJwCHACgDJwEEACgAJwCHACgDJwEEACgAJwCHACgDJwEEACgAJwCHACgDJwEEAIQBKAAnACgBqADEAagAxACHACgCJwEoACcAxO8o2SdzdGF0ZXZlcnNpb25kb2N1bWVudGRhdGVkb2N1bWVudHNsdWdkb2N1bWVudHN0YXR1c2RvY3VtZW50dGl0bGVTKSBXaWNodGlnZSBJbmZvcm1hdGlvbmVuIGbDvHIgZGllIEZpZ3VyZW5kb2N1bWVudGNvbnRlbnQ8IS0tIHdwOnBhcmFncmFwaCAtLT4KPHA+RGEgaWNoIElobmVuIG5pY2h0IG1laHIgcGVyc8O2bmxpY2ggYXVmIE3DpHJrdGVuIEluZm9ybWF0aW9uZW4genUgZGVuIEZpZ3VyZW4gZ2ViZW4ga2FubiwgZmluZGVuIFNpZSBkaWVzZSBoaWVyLjwvcD4KPCEtLSAvd3A6cGFyYWdyYXBoIC0tPgoKPCEtLSB3cDpwYXJhZ3JhcGggLS0+CjxwPjxzdHJvbmc+V0lDSFRJRzogRGllIEZpZ3VyZW4gc2luZCBuaWNodCBmw7xyIGtsZWluZSBLaW5kZXIgZ2VlaWduZXQsIHdlbGNoZSBub2NoIEdlZ2Vuc3TDpG5kZSBpbiBkZW4gTXVuZCBuZWhtZW4uIERhIGRpZSBtZWlzdGVuIFBlcmxlbiBhdXMgR2xhcyBzaW5kLCB3w7xyZGVuIHNpZSBiZWltIERyYXVmYmVpw59lbiB6ZXJicmVjaGVuLiBTb21pdCBow6R0dGUgSWhyIEtpbmQgZGFubiBHbGFzc3BsaXR0ZXIgaW0gTXVuZCwgd2VsY2hlIGJlaW0gVmVyc2NobHVja2VuIGltIHNjaGxpbW1zdGVuIEZhbGwgenUgaW5uZXJlbiBWZXJsZXR6dW5nZW4gZsO8aHJlbiBrYW5uITwvc3Ryb25nPjwvcD4KPCEtLSAvd3A6cGFyYWdyYXBoIC0tPgoKPCEtLSB3cDpwYXJhZ3JhcGggLS0+CjxwPjxzdHJvbmc+RWluZSBHYXJhbnRpZSBtZWluZXJzZWl0cyBhdWYgZGllIEZpZ3VyZW4gaXN0IGF1c2dlc2NobG9zc2VuLjwvc3Ryb25nPjwvcD4KPCEtLSAvd3A6cGFyYWdyYXBoIC0tPgoKPCEtLSB3cDpwYXJhZ3JhcGggLS0+CjxwPkJpdHRlIGRpZSBGaWd1cmVuIG5pY2h0IGZlc3QgZHLDvGNrZW4sIGRhIGRpZXNlIGlubmVuIGhvaGwgc2luZC4gRGFoZXIgd2VyZGVuIHNpZSwgd2VubiBzaWUgZmVzdCBnZWRyw7xja3Qgd2VyZGVuIG9kZXIgZXR3YXMgU2Nod2VyZXMgYXVmIHNpZSBnZWxlZ3Qgd2lyZCwgc29mb3J0IGZsYWNoIHVuZCBlcyBrw7ZubnRlbiBhdWNoIEdsYXNwZXJsZW4gemVyYnJlY2hlbi4gTGVpY2h0ZXJlIERydWNrc3RlbGxlbiBrw7ZubmVuIHZvcnNpY2h0aWcgd2llZGVyIGdlYm9nZW4gd2VyZGVuLCBpbmRlbSBtYW4gbWl0IGVpbmVtIGtsZWluZW4gU2NocmF1YmVuemllaGVyIG9kZXIgw4RobmxpY2hlcyB1bnRlciBkaWUgUGVybGVucmVpaGUgZ2VodCB1bmQgbGVpY2h0ZW4gRHJ1Y2sgaW4gZGllIGVudHNwcmVjaGVuZGUgUmljaHR1bmcgYXVzw7xidC48L3A+CjwhLS0gL3dwOnBhcmFncmFwaCAtLT4KCjwhLS0gd3A6cGFyYWdyYXBoIC0tPgo8cD5EaWUgRmlndXJlbiB3ZXJkZW4gbWl0IE1lc3NpbmdyYWh0IGdlZmVydGlndCB1bmQgZHVyY2ggZW50c3ByZWNoZW5kZXMgQmllZ2VuIGVyaGFsdGVuIGRpZXNlIGRpZSBGb3JtLiBCZWluZSwgT2hyZW4sIGV0Yy4ga8O2bm5lbiBkYWhlciB2ZXJib2dlbiB3ZXJkZW4uIEplZG9jaCBzb2xsdGUgZGFzIEJpZWdlbiBuaWUgbWl0IEdld2FsdCBlcmZvbGdlbiwgZGEgZGFkdXJjaCBkaWUgR2xhc3BlcmxlbiBicmVjaGVuIGvDtm5uZW4gdW5kIGRpZXNlIG5pY2h0IHdpZWRlciBuZXUgaW4gZWluZSBGaWd1ciBlaW5nZXNldHp0IHdlcmRlbiBrw7ZubmVuLjwvcD4KPCEtLSAvd3A6cGFyYWdyYXBoIC0tPgoKPCEtLSB3cDpwYXJhZ3JhcGggLS0+CjxwPkRpZSBnZXp3aXJiZWx0ZW4gRHJhaHRlbmRlbiBkw7xyZmVuIG5pY2h0IGFiZ2VzY2huaXR0ZW4gd2VyZGVuLCBkYSBhbnNvbnN0ZW4gZGllIFBlcmxlbiBhYmdlaGVuIHfDvHJkZW4uPC9wPgo8IS0tIC93cDpwYXJhZ3JhcGggLS0+Cgo8IS0tIHdwOnBhcmFncmFwaCAtLT4KPHA+RGllIFBlcmxlbiBtaXQgZGVuIEZhcmJlbiBwaW5rIG9kZXIgcm9zYSBibGVpY2hlbiBpbiBkZXIgU29ubmUgYXVzLjwvcD4KPCEtLSAvd3A6cGFyYWdyYXBoIC0tPgoKPCEtLSB3cDpwYXJhZ3JhcGggLS0+CjxwPkJlaSBlaW5lciBuZXVlbiBQZXJsZW5iZXN0ZWxsdW5nIGVyaGFsdGUgaWNoIG1laXN0IEdsYXNwZXJsZW4sIHdlbGNoZSBsZWljaHRlIEZhcmJhYndlaWNodW5nIHp1IGRlbiB2b3JpZ2VuIFBlcmxlbiBhdWZ3ZWlzZW4uIERhaGVyIGthbm4gZXMgc2VpbiwgZGFzcyB6d2VpIEZpZ3VyZW4gbmljaHQgZGVuIGdsZWljaGVuIEZhcmJ0b24gYXVmd2Vpc2VuLiBJY2ggdmVyd2VuZGUgdHNjaGVjaGlzY2hlIFBlcmxlbiAoUHJlY2lvc2EpLjwvcD4KPCEtLSAvd3A6cGFyYWdyYXBoIC0tPgoKPCEtLSB3cDpwYXJhZ3JhcGggLS0+CjxwPjxzdHJvbmc+wqkgMjAyIHwgVGluYSBIb2ZtYW5uIHwgTsO8cm5iZXJnPC9zdHJvbmc+PC9wPgo8IS0tIC93cDpwYXJhZ3JhcGggLS0+ZG9jdW1lbnRleGNlcnB0ZG9jdW1lbnRhdXRob3Jkb2N1bWVudGZlYXR1cmVkX21lZGlhZG9jdW1lbnRjb21tZW50X3N0YXR1c2RvY3VtZW50cGluZ19zdGF0dXNkb2N1bWVudHRlbXBsYXRlZG9jdW1lbnRtZXRhZm9vdG5vdGVzZG9jdW1lbnRibG9ja3NjbGllbnRJZGlzVmFsaWRvcmlnaW5hbENvbnRlbnRuYW1lYXR0cmlidXRlc2NvbnRlbnREYSBpY2ggSWhuZW4gbmljaHQgbWVociBwZXJzw7ZubGljaCBhdWYgTcOkcmt0ZW4gSW5mb3JtYXRpb25lbiB6dSBkZW4gRmlndXJlbiBnZWJlbiBrYW5uLCBmaW5kZW4gU2llIGRpZXNlIGhpZXIuZHJvcENhcGlubmVyQmxvY2tzY2xpZW50SWRpc1ZhbGlkb3JpZ2luYWxDb250ZW50bmFtZWF0dHJpYnV0ZXNjb250ZW50PHN0cm9uZz5XSUNIVElHOiBEaWUgRmlndXJlbiBzaW5kIG5pY2h0IGbDvHIga2xlaW5lIEtpbmRlciBnZWVpZ25ldCwgd2VsY2hlIG5vY2ggR2VnZW5zdMOkbmRlIGluIGRlbiBNdW5kIG5laG1lbi4gRGEgZGllIG1laXN0ZW4gUGVybGVuIGF1cyBHbGFzIHNpbmQsIHfDvHJkZW4gc2llIGJlaW0gRHJhdWZiZWnDn2VuIHplcmJyZWNoZW4uIFNvbWl0IGjDpHR0ZSBJaHIgS2luZCBkYW5uIEdsYXNzcGxpdHRlciBpbSBNdW5kLCB3ZWxjaGUgYmVpbSBWZXJzY2hsdWNrZW4gaW0gc2NobGltbXN0ZW4gRmFsbCB6dSBpbm5lcmVuIFZlcmxldHp1bmdlbiBmw7xocmVuIGthbm4hPC9zdHJvbmc+ZHJvcENhcGlubmVyQmxvY2tzY2xpZW50SWRpc1ZhbGlkb3JpZ2luYWxDb250ZW50bmFtZWF0dHJpYnV0ZXNjb250ZW50PHN0cm9uZz5FaW5lIEdhcmFudGllIG1laW5lcnNlaXRzIGF1ZiBkaWUgRmlndXJlbiBpc3QgYXVzZ2VzY2hsb3NzZW4uPC9zdHJvbmc+ZHJvcENhcGlubmVyQmxvY2tzY2xpZW50SWRpc1ZhbGlkb3JpZ2luYWxDb250ZW50bmFtZWF0dHJpYnV0ZXNjb250ZW50Qml0dGUgZGllIEZpZ3VyZW4gbmljaHQgZmVzdCBkcsO8Y2tlbiwgZGEgZGllc2UgaW5uZW4gaG9obCBzaW5kLiBEYWhlciB3ZXJkZW4gc2llLCB3ZW5uIHNpZSBmZXN0IGdlZHLDvGNrdCB3ZXJkZW4gb2RlciBldHdhcyBTY2h3ZXJlcyBhdWYgc2llIGdlbGVndCB3aXJkLCBzb2ZvcnQgZmxhY2ggdW5kIGVzIGvDtm5udGVuIGF1Y2ggR2xhc3BlcmxlbiB6ZXJicmVjaGVuLiBMZWljaHRlcmUgRHJ1Y2tzdGVsbGVuIGvDtm5uZW4gdm9yc2ljaHRpZyB3aWVkZXIgZ2Vib2dlbiB3ZXJkZW4sIGluZGVtIG1hbiBtaXQgZWluZW0ga2xlaW5lbiBTY2hyYXViZW56aWVoZXIgb2RlciDDhGhubGljaGVzIHVudGVyIGRpZSBQZXJsZW5yZWloZSBnZWh0IHVuZCBsZWljaHRlbiBEcnVjayBpbiBkaWUgZW50c3ByZWNoZW5kZSBSaWNodHVuZyBhdXPDvGJ0LmRyb3BDYXBpbm5lckJsb2Nrc2NsaWVudElkaXNWYWxpZG9yaWdpbmFsQ29udGVudG5hbWVhdHRyaWJ1dGVzY29udGVudERpZSBGaWd1cmVuIHdlcmRlbiBtaXQgTWVzc2luZ3JhaHQgZ2VmZXJ0aWd0IHVuZCBkdXJjaCBlbnRzcHJlY2hlbmRlcyBCaWVnZW4gZXJoYWx0ZW4gZGllc2UgZGllIEZvcm0uIEJlaW5lLCBPaHJlbiwgZXRjLiBrw7ZubmVuIGRhaGVyIHZlcmJvZ2VuIHdlcmRlbi4gSmVkb2NoIHNvbGx0ZSBkYXMgQmllZ2VuIG5pZSBtaXQgR2V3YWx0IGVyZm9sZ2VuLCBkYSBkYWR1cmNoIGRpZSBHbGFzcGVybGVuIGJyZWNoZW4ga8O2bm5lbiB1bmQgZGllc2UgbmljaHQgd2llZGVyIG5ldSBpbiBlaW5lIEZpZ3VyIGVpbmdlc2V0enQgd2VyZGVuIGvDtm5uZW4uZHJvcENhcGlubmVyQmxvY2tzY2xpZW50SWRpc1ZhbGlkb3JpZ2luYWxDb250ZW50bmFtZWF0dHJpYnV0ZXNjb250ZW50RGllIGdlendpcmJlbHRlbiBEcmFodGVuZGVuIGTDvHJmZW4gbmljaHQgYWJnZXNjaG5pdHRlbiB3ZXJkZW4sIGRhIGFuc29uc3RlbiBkaWUgUGVybGVuIGFiZ2VoZW4gd8O8cmRlbi5kcm9wQ2FwaW5uZXJCbG9ja3NjbGllbnRJZGlzVmFsaWRvcmlnaW5hbENvbnRlbnRuYW1lYXR0cmlidXRlc2NvbnRlbnREaWUgUGVybGVuIG1pdCBkZW4gRmFyYmVuIHBpbmsgb2RlciByb3NhIGJsZWljaGVuIGluIGRlciBTb25uZSBhdXMuZHJvcENhcGlubmVyQmxvY2tzY2xpZW50SWRpc1ZhbGlkb3JpZ2luYWxDb250ZW50bmFtZWF0dHJpYnV0ZXNjb250ZW50QmVpIGVpbmVyIG5ldWVuIFBlcmxlbmJlc3RlbGx1bmcgZXJoYWx0ZSBpY2ggbWVpc3QgR2xhc3Blcmxlbiwgd2VsY2hlIGxlaWNodGUgRmFyYmFid2VpY2h1bmcgenUgZGVuIHZvcmlnZW4gUGVybGVuIGF1ZndlaXNlbi4gRGFoZXIga2FubiBlcyBzZWluLCBkYXNzIHp3ZWkgRmlndXJlbiBuaWNodCBkZW4gZ2xlaWNoZW4gRmFyYnRvbiBhdWZ3ZWlzZW4uIEljaCB2ZXJ3ZW5kZSB0c2NoZWNoaXNjaGUgUGVybGVuIChQcmVjaW9zYSkuZHJvcENhcGlubmVyQmxvY2tzY2xpZW50SWRpc1ZhbGlkb3JpZ2luYWxDb250ZW50bmFtZWF0dHJpYnV0ZXNjb250ZW50PHN0cm9uZz7CqSAyMDI1IHwgVGluYSBIb2ZtYW5uIHwgTsO8cm5iZXJnPC9zdHJvbmc+ZHJvcENhcGlubmVyQmxvY2tzc3RhdGVzYXZlZEF0c3RhdGVzYXZlZEJ5PG1hcmsgc3R5bGU9ImJhY2tncm91bmQtY29sb3I6cmdiYSgwLCAwLCAwLCAwKTtjb2xvcjojY2YyZTJlIiBjbGFzcz0iaGFzLWlubGluZS1jb2xvciI+bWFyaz48LzZjbGllbnRJZGlzVmFsaWRuYW1lYXR0cmlidXRlc2NvbnRlbnRkcm9wQ2FwaW5uZXJCbG9ja3M8bWFyayBzdHlsZT0iYmFja2dyb3VuZC1jb2xvcjpyZ2JhKDAsIDAsIDAsIDApO2NvbG9yOiNjZjJlMmUiIGNsYXNzPSJoYXMtaW5saW5lLWNvbG9yIj5tYXJrPjwvNgUHCAQIBAgGCAUpCAeFA7gEjhk+CAcIBggOCA4IC0gBBAkIBggHDwQKB64BBwsIBw8ECgcIuARHAAsIBw8ECgeOAQcLCAcPBAoHnwYHCwgHDwQKB7QEBwsIBw8ECgemAQcLCAcPBAoHgwEHCwgHDwQKB7YDBwsIBw8ECgcNASMHCwUHBQeXAQcBCAcECkcAC5cBBwETAQQAAAEAAAABBgAAAQAAUQEBACxCAQEAQQACAEEAAgBBAAIAQQACAEEAAgBBAAIAQQACAEEAAgBBAAIAQQACAAJBPgGFAQB9AXcTMjAyNC0xMC0wMlQwOTowNTo1OHcnd2ljaHRpZ2UtaW5mb3JtYXRpb25lbi1mdWVyLWRpZS1maWd1cmVudwdwdWJsaXNofQF9AHcGY2xvc2VkdwZjbG9zZWR3AHcAdyRlNmJhZjIyYy1jNjJhLTRhYTctOWEyMC00Zjk4MWM1ZmJlMjF4d3c8cD5EYSBpY2ggSWhuZW4gbmljaHQgbWVociBwZXJzw7ZubGljaCBhdWYgTcOkcmt0ZW4gSW5mb3JtYXRpb25lbiB6dSBkZW4gRmlndXJlbiBnZWJlbiBrYW5uLCBmaW5kZW4gU2llIGRpZXNlIGhpZXIuPC9wPncOY29yZS9wYXJhZ3JhcGh5dyQ3ZWZhZjMzZi05NzQ4LTQ5YTgtOGUxMy02ZWU2YWQ0YTk3ZDF4d9QCPHA+PHN0cm9uZz5XSUNIVElHOiBEaWUgRmlndXJlbiBzaW5kIG5pY2h0IGbDvHIga2xlaW5lIEtpbmRlciBnZWVpZ25ldCwgd2VsY2hlIG5vY2ggR2VnZW5zdMOkbmRlIGluIGRlbiBNdW5kIG5laG1lbi4gRGEgZGllIG1laXN0ZW4gUGVybGVuIGF1cyBHbGFzIHNpbmQsIHfDvHJkZW4gc2llIGJlaW0gRHJhdWZiZWnDn2VuIHplcmJyZWNoZW4uIFNvbWl0IGjDpHR0ZSBJaHIgS2luZCBkYW5uIEdsYXNzcGxpdHRlciBpbSBNdW5kLCB3ZWxjaGUgYmVpbSBWZXJzY2hsdWNrZW4gaW0gc2NobGltbXN0ZW4gRmFsbCB6dSBpbm5lcmVuIFZlcmxldHp1bmdlbiBmw7xocmVuIGthbm4hPC9zdHJvbmc+PC9wPncOY29yZS9wYXJhZ3JhcGh5dyRkMjhmOGU1OC0xNWMxLTRlYTUtYjE3Zi1hNGQzOWU3NTNkY2N4d1U8cD48c3Ryb25nPkVpbmUgR2FyYW50aWUgbWVpbmVyc2VpdHMgYXVmIGRpZSBGaWd1cmVuIGlzdCBhdXNnZXNjaGxvc3Nlbi48L3N0cm9uZz48L3A+dw5jb3JlL3BhcmFncmFwaHl3JDhiMzMxMzFkLTllNWYtNDRjZi1iYTdhLTJiMzE1MjNjYWFmYnh3rAM8cD5CaXR0ZSBkaWUgRmlndXJlbiBuaWNodCBmZXN0IGRyw7xja2VuLCBkYSBkaWVzZSBpbm5lbiBob2hsIHNpbmQuIERhaGVyIHdlcmRlbiBzaWUsIHdlbm4gc2llIGZlc3QgZ2VkcsO8Y2t0IHdlcmRlbiBvZGVyIGV0d2FzIFNjaHdlcmVzIGF1ZiBzaWUgZ2VsZWd0IHdpcmQsIHNvZm9ydCBmbGFjaCB1bmQgZXMga8O2bm50ZW4gYXVjaCBHbGFzcGVybGVuIHplcmJyZWNoZW4uIExlaWNodGVyZSBEcnVja3N0ZWxsZW4ga8O2bm5lbiB2b3JzaWNodGlnIHdpZWRlciBnZWJvZ2VuIHdlcmRlbiwgaW5kZW0gbWFuIG1pdCBlaW5lbSBrbGVpbmVuIFNjaHJhdWJlbnppZWhlciBvZGVyIMOEaG5saWNoZXMgdW50ZXIgZGllIFBlcmxlbnJlaWhlIGdlaHQgdW5kIGxlaWNodGVuIERydWNrIGluIGRpZSBlbnRzcHJlY2hlbmRlIFJpY2h0dW5nIGF1c8O8YnQuPC9wPncOY29yZS9wYXJhZ3JhcGh5dyQ2ODZiOThiNi0xM2M5LTQ3ODUtOWM2Yy04NzMzZjcyYWNjNGJ4d74CPHA+RGllIEZpZ3VyZW4gd2VyZGVuIG1pdCBNZXNzaW5ncmFodCBnZWZlcnRpZ3QgdW5kIGR1cmNoIGVudHNwcmVjaGVuZGVzIEJpZWdlbiBlcmhhbHRlbiBkaWVzZSBkaWUgRm9ybS4gQmVpbmUsIE9ocmVuLCBldGMuIGvDtm5uZW4gZGFoZXIgdmVyYm9nZW4gd2VyZGVuLiBKZWRvY2ggc29sbHRlIGRhcyBCaWVnZW4gbmllIG1pdCBHZXdhbHQgZXJmb2xnZW4sIGRhIGRhZHVyY2ggZGllIEdsYXNwZXJsZW4gYnJlY2hlbiBrw7ZubmVuIHVuZCBkaWVzZSBuaWNodCB3aWVkZXIgbmV1IGluIGVpbmUgRmlndXIgZWluZ2VzZXR6dCB3ZXJkZW4ga8O2bm5lbi48L3A+dw5jb3JlL3BhcmFncmFwaHl3JDU5MmE0MDIzLWJkNDctNDdiYy05OGM2LTVmOTE3NzA4Mzc4Znh3bzxwPkRpZSBnZXp3aXJiZWx0ZW4gRHJhaHRlbmRlbiBkw7xyZmVuIG5pY2h0IGFiZ2VzY2huaXR0ZW4gd2VyZGVuLCBkYSBhbnNvbnN0ZW4gZGllIFBlcmxlbiBhYmdlaGVuIHfDvHJkZW4uPC9wPncOY29yZS9wYXJhZ3JhcGh5dyQzNzA0MjEzYi03MTZmLTRiNmYtODZhYy03ZGMyZWZlNmEzYzV4d0o8cD5EaWUgUGVybGVuIG1pdCBkZW4gRmFyYmVuIHBpbmsgb2RlciByb3NhIGJsZWljaGVuIGluIGRlciBTb25uZSBhdXMuPC9wPncOY29yZS9wYXJhZ3JhcGh5dyRmZTZlYjY5MC02MTYxLTRhZDgtYmNhZi03N2ZlYTRjOTAyYzF4d\/0BPHA+QmVpIGVpbmVyIG5ldWVuIFBlcmxlbmJlc3RlbGx1bmcgZXJoYWx0ZSBpY2ggbWVpc3QgR2xhc3Blcmxlbiwgd2VsY2hlIGxlaWNodGUgRmFyYmFid2VpY2h1bmcgenUgZGVuIHZvcmlnZW4gUGVybGVuIGF1ZndlaXNlbi4gRGFoZXIga2FubiBlcyBzZWluLCBkYXNzIHp3ZWkgRmlndXJlbiBuaWNodCBkZW4gZ2xlaWNoZW4gRmFyYnRvbiBhdWZ3ZWlzZW4uIEljaCB2ZXJ3ZW5kZSB0c2NoZWNoaXNjaGUgUGVybGVuIChQcmVjaW9zYSkuPC9wPncOY29yZS9wYXJhZ3JhcGh5dyQzMGUyOGZlNS02NTk1LTQ3MGQtYjVhYy04MGEwOTVmNDhjZjh4dzo8cD48c3Ryb25nPsKpIDIwMjUgfCBUaW5hIEhvZm1hbm4gfCBOw7xybmJlcmc8L3N0cm9uZz48L3A+dw5jb3JlL3BhcmFncmFwaHl7QnnYWfcikAB7QeA+hBigAAB3JDJmZGMyYzVhLTZhYWEtNDliYi04NTRlLWNlNDIxZjU2ZGZhM3ckMzFlNWUwYTAtZWVjYS00OTM4LTgyMWUtNjQ4MjVhYmYxNjE3dyQxYTRmN2I3Zi1mMTdiLTRmMTYtOWU2MC0yYzIwZjMwZDVmZjh4dw5jb3JlL3BhcmFncmFwaHkBxcHQjwgF+hAAvwEAxQwAEgCIAQc=\",\"updateId\":793745389}","footnotes":""},"class_list":["post-1181","page","type-page","status-publish","hentry"],"_links":{"self":[{"href":"https:\/\/tinas-bunte-tierwelt.de\/index.php?rest_route=\/wp\/v2\/pages\/1181","targetHints":{"allow":["GET"]}}],"collection":[{"href":"https:\/\/tinas-bunte-tierwelt.de\/index.php?rest_route=\/wp\/v2\/pages"}],"about":[{"href":"https:\/\/tinas-bunte-tierwelt.de\/index.php?rest_route=\/wp\/v2\/types\/page"}],"author":[{"embeddable":true,"href":"https:\/\/tinas-bunte-tierwelt.de\/index.php?rest_route=\/wp\/v2\/users\/1"}],"replies":[{"embeddable":true,"href":"https:\/\/tinas-bunte-tierwelt.de\/index.php?rest_route=%2Fwp%2Fv2%2Fcomments&post=1181"}],"version-history":[{"count":7,"href":"https:\/\/tinas-bunte-tierwelt.de\/index.php?rest_route=\/wp\/v2\/pages\/1181\/revisions"}],"predecessor-version":[{"id":3303,"href":"https:\/\/tinas-bunte-tierwelt.de\/index.php?rest_route=\/wp\/v2\/pages\/1181\/revisions\/3303"}],"wp:attachment":[{"href":"https:\/\/tinas-bunte-tierwelt.de\/index.php?rest_route=%2Fwp%2Fv2%2Fmedia&parent=1181"}],"curies":[{"name":"wp","href":"https:\/\/api.w.org\/{rel}","templated":true}]}}